ighest common divisor of 167391 and 126?
63
What is the greatest common factor of 496 and 32?
16
Calculate the highest common factor of 1053281 and 1043.
149
What is the greatest common factor of 15249 and 723741?
1173
Calculate the greatest common divisor of 2 and 26.
2
What is the greatest common factor of 154 and 5894?
14
Calculate the greatest common divisor of 273 and 2732821.
91
Calculate the highest common factor of 28 and 6398.
14
What is the greatest common divisor of 49170 and 32835?
165
Calculate the highest common divisor of 12 and 2289.
3
Calculate the highest common factor of 7136 and 512.
32
Calculate the greatest common factor of 2727 and 4.
1
What is the highest common factor of 5896 and 88?
88
What is the highest common divisor of 6583 and 2043?
227
Calculate the highest common divisor of 77 and 14289.
11
What is the greatest common divisor of 407200 and 100?
100
What is the highest common divisor of 1139628 and 504?
84
Calculate the highest common divisor of 4419 and 63.
9
Calculate the greatest common divisor of 1004 and 7712.
4
Calculate the highest common divisor of 138 and 972578.
46
Calculate the greatest common factor of 549 and 83570.
61
Calculate the greatest common divisor of 244 and 459574.
122
Calculate the highest common divisor of 10070 and 3445.
265
What is the greatest common divisor of 202 and 571559?
101
Calculate the highest common divisor of 431344 and 112.
16
Calculate the greatest common divisor of 19177 and 132276.
151
What is the greatest common divisor of 12 and 65676?
12
Calculate the highest common factor of 145 and 120205.
145
What is the greatest common factor of 644028 and 164?
164
Calculate the greatest common factor of 6849 and 43377.
2283
What is the greatest common factor of 30 and 14034?
6
What is the highest common divisor of 21 and 20517?
21
Calculate the greatest common factor of 75 and 11975.
25
Calculate the greatest common factor of 54873 and 45.
9
Calculate the highest common factor of 147167 and 2005.
401
Calculate the highest common factor of 72417 and 3585.
717
What is the greatest common factor of 539162 and 104?
26
What is the highest common factor of 3416 and 1351?
7
What is the greatest common divisor of 73500 and 2744?
196
Calculate the greatest common divisor of 64 and 4606432.
32
What is the greatest common divisor of 1225 and 2275?
175
Calculate the highest common divisor of 30082 and 130.
26
Calculate the greatest common divisor of 1308 and 648.
12
Calculate the highest common divisor of 4 and 47612.
4
Calculate the greatest common divisor of 24 and 3596.
4
Calculate the greatest common divisor of 82 and 2049180.
82
What is the highest common factor of 27108 and 180?
36
What is the highest common divisor of 6 and 83055?
3
Calculate the highest common factor of 32 and 157424.
16
What is the greatest common factor of 4320 and 8685?
45
What is the greatest common divisor of 604 and 1894748?
604
Calculate the greatest common divisor of 605053 and 43.
43
Calculate the greatest common divisor of 1083036 and 408.
204
What is the highest common divisor of 39078 and 234?
234
Calculate the highest common factor of 1608 and 264.
24
Calculate the highest common factor of 2100 and 945.
105
Calculate the highest common divisor of 96 and 170736.
48
What is the highest common factor of 38491 and 488?
61
Calculate the greatest common divisor of 1547 and 268736.
221
Calculate the highest common divisor of 184800 and 3100.
100
Calculate the greatest common divisor of 56 and 179417.
7
What is the greatest common factor of 1375 and 54010?
55
Calculate the greatest common divisor of 1012930 and 30.
10
Calculate the highest common factor of 28006 and 34694.
418
Calculate the greatest common factor of 23625 and 4347.
189
What is the highest common divisor of 72600 and 144?
24
What is the greatest common divisor of 3494358 and 252?
126
Calculate the greatest common factor of 3014 and 612664.
274
What is the greatest common factor of 140 and 174860?
140
Calculate the greatest common factor of 15 and 37815.
15
Calculate the greatest common divisor of 1030 and 122055.
515
What is the greatest common divisor of 7599 and 2193?
51
What is the highest common divisor of 162 and 3282156?
18
What is the highest common divisor of 1954 and 1654061?
977
What is the highest common divisor of 1256 and 102160?
8
Calculate the greatest common divisor of 483 and 60417.
21
What is the highest common divisor of 30381 and 8736?
39
What is the highest common factor of 16643 and 890?
89
What is the greatest common divisor of 798 and 2576476?
266
Calculate the highest common factor of 48 and 2096316.
12
What is the greatest common divisor of 520 and 12805?
65
Calculate the greatest common factor of 10 and 4963660.
10
Calculate the highest common factor of 416 and 9872.
16
Calculate the highest common factor of 1420 and 3120.
20
What is the greatest common divisor of 117445 and 24070?
415
What is the greatest common divisor of 1576806 and 66?
66
Calculate the greatest common divisor of 1378 and 52.
26
Calculate the highest common divisor of 98 and 433111.
49
What is the highest common divisor of 27760 and 80?
80
What is the greatest common factor of 4726 and 170?
34
What is the highest common divisor of 92 and 590640?
92
Calculate the greatest common factor of 194644 and 8.
4
Calculate the greatest common divisor of 44362 and 164.
82
What is the greatest common factor of 20655 and 495?
45
Calculate the highest common divisor of 318 and 127306.
106
What is the greatest common divisor of 270 and 954882?
54
Calculate the greatest common divisor of 922 and 32.
2
Calculate the greatest common factor of 11320 and 136.
8
What is the highest common divisor of 917 and 287?
7
What is the highest common factor of 168 and 8561?
7
What is the greatest common divisor of 23 and 11941991?
23
What is the greatest common factor of 13239 and 9?
9
What is the greatest common factor of 87600 and 720?
240
What is the highest common divisor of 20 and 234510?
10
Calculate the highest common factor of 1507 and 1881.
11
Calculate the greatest common factor of 57805 and 385.
55
Calculate the greatest common divisor of 3 and 49083.
3
Calculate the greatest common factor of 1908946 and 78.
26
What is the highest common factor of 35456 and 1280?
128
What is the greatest common factor of 1309 and 77?
77
Calculate the greatest common factor of 308256 and 9120.
1824
What is the greatest common factor of 13503 and 24675?
21
Calculate the highest common factor of 220770 and 630.
90
What is the highest common factor of 13053 and 575019?
687
What is the highest common factor of 2769 and 4544?
71
What is the greatest common divisor of 146 and 1668926?
146
Calculate the highest common divisor of 30 and 169398.
6
Calculate the highest common factor of 254136 and 48.
24
What is the highest common divisor of 240 and 587295?
15
Calculate the highest common factor of 138 and 6693.
69
What is the greatest common divisor of 2042 and 146?
2
What is the greatest common factor of 57464 and 110?
22
Calculate the greatest common factor of 11781 and 833.
119
What is the greatest common factor of 132489 and 135?
27
What is the greatest common divisor of 112633 and 326?
163
Calculate the greatest common factor of 122145 and 33405.
255
Calculate the greatest common divisor of 4 and 472652.
4
Calculate the highest common divisor of 1110 and 3540.
30
What is the greatest common factor of 2653 and 90581?
379
What is the highest common divisor of 450 and 71046?
18
What is the greatest common factor of 4709 and 2771?
17
Calculate the highest common divisor of 2255 and 450180.
205
Calculate the highest common factor of 3983 and 161.
7
What is the highest common factor of 1284368 and 64?
16
What is the highest common divisor of 99 and 111661?
11
Calculate the highest common divisor of 21173 and 744.
31
Calculate the greatest common factor of 5174828 and 478.
478
Calculate the highest common factor of 460 and 14884.
4
What is the greatest common factor of 33 and 8197134?
33
Calculate the greatest common divisor of 5832 and 8280.
72
Calculate the highest common factor of 141 and 3291.
3
What is the highest common factor of 142 and 2581418?
142
What is the greatest common factor o